What is -6 - -10 - (1 - (-5 - 3))?
-5
What is (2 - -2) + (-1 - -7 - 2)?
8
Calculate -7 + 7 - (2 - -3).
-5
What is the value of -2 - (-3 + 11) - (0 + -7)?
-3
3 + (-8 - (-3 - 6))
4
1 + -3 + (6 - 5) - 4
-5
Calculate -3 + (-4 - (-1 + -3)) - -1.
-2
Evaluate 0 + 1 + 2 + -26 + 25.
2
What is 0 + (0 - 0) - (5 + 2)?
-7
5 + -3 + 0 - -3
5
Calculate -3 + (1 - 1) + 2.
-1
Calculate 0 + (-27 - -12) + 10.
-5
What is 122 + -117 - (0 + (-1 - -10))?
-4
2 + -4 - (-3 - (1 - 0))
2
Calculate (1 - -8) + -11 - -6.
4
Evaluate 1 + (2 - 7) + 8.
4
Calculate 42 + -43 + (1 - 6) - -5.
-1
-70 + 72 - (6 - 3 - -1)
-2
Calculate 1 + (0 - 7) + 0.
-6
Calculate 0 + 1 + (5 - 2) - 2.
2
Calculate -3 - (-1 - -1) - (2 + -6).
1
What is (3 - 4) + 2 + 1 + 1?
3
-8 - (2 + 5 + -10)
-5
Evaluate -4 + -1 - (6 - (-3 - -9)).
-5
What is the value of 0 + 2 + (1 - 4) + 3?
2
(-5 - (-4 + 3)) + 4
0
What is (-1 - (-1 + -6)) + -10?
-4
What is the value of 0 + (4 + -5 - 0) + -3?
-4
Calculate -10 - (0 - (5 + 1)).
-4
(29 - (-20 + 38)) + -7 + 1
5
Evaluate 4 + -6 + 4 + 3.
5
What is 1 + (-1 + -5 - -3)?
-2
0 + 3 + -2 + -1
0
What is -2 + (-5 - 0) + -1 + 3?
-5
What is the value of -4 - (3 + -7 + (7 - 7))?
0
What is the value of 2 + -2 + (7 - 3)?
4
Evaluate 3 - 12 - (-1 + (3 - 4)).
-7
What is 1 - (1 - (7 - 4))?
3
Calculate (-5 - -6) + (2 + -3 - -5).
5
-1 + 4 + (-10 - -7)
0
Evaluate (0 - 5) + (3 - (8 + -13)).
3
What is 7 + 9 + -11 - (3 - 2)?
4
What is 6 + (0 - (6 - 0))?
0
Calculate -15 + (23 + -12 - 7).
-11
What is the value of -33 - -29 - (1 - 0)?
-5
Evaluate -1 - (7 - (1 + 5)).
-2
What is (16 - 4) + -12 + (11 - 4)?
7
(1 - 2) + -1 + -68 + 67
-3
What is the value of (3 - -3) + -1 + (-2 - -2)?
5
Evaluate 31 + -32 - (-1 + (1 - 4)).
3
What is the value of (5 + -9 - 10) + 8?
-6
What is the value of 2 + (1 + (-6 - -7) - 12)?
-8
Evaluate 182 + -189 + (1 - 0 - 0).
-6
What is the value of 8 + 2 + (3 - (11 + 2))?
0
Evaluate -3 + 9 - (-1 - -6).
1
Calculate 0 + 7 + (-14 + 7 - 5).
-5
Evaluate -7 - (-1 - 2) - -6.
2
Calculate 6 + (1 - 2) + (75 - 71).
9
-4 - 1 - -2 - -1
-2
-5 + 10 + -5 + -5
-5
What is the value of (3 - 1) + (-2 - -3) - 2?
1
-2 - ((-4 - (-2 + 1)) + -3)
4
Calculate (10 - 20) + 20 + -11.
-1
0 - (6 + (2 - 5) - 1)
-2
What is 2 + (1 - 1 - 3) - 4?
-5
What is 5 + -18 + (-4 - (3 - 13))?
-7
Calculate 2 + 2 + (0 - 8) + 0.
-4
1 + 4 + -21 + 22
6
1 + 3 - (-5 + (13 - 8))
4
What is the value of (-3 - 0) + (22 - 20)?
-1
Calculate 2 + 2 + -3 + (2 - 7).
-4
What is the value of (-7 - 8) + 7 + 4?
-4
What is 4 + (3 - -3 - 8)?
2
What is the value of 0 - (2 + (-3 - -4) - -3)?
-6
What is the value of 2 + -1 + (28 - 24)?
5
-2 - ((1 - 1) + -1)
-1
Calculate -2 - -1 - -2 - (108 + -102).
-5
What is 1 - (2 - 1) - (15 - 19)?
4
-5 + -7 + 18 + 3 - 11
-2
Evaluate -10 + 4 + 6 + -2.
-2
Calculate -5 + -3 - -6 - 0.
-2
What is the value of -3 + -1 + (2 - 9) + 6?
-5
Evaluate 53 + -51 - (-2 + 3).
1
What is the value of 11 - 0 - (21 + -3)?
-7
Calculate 7 + (-8 - -1) - -3.
3
Calculate -3 + (-2 - -4) + (-7 - -5).
-3
What is -6 + (-1 - -8) + 2?
3
Calculate -11 + -12 + 11 + 15.
3
What is the value of -4 + -2 + 0 - (-44 - -37)?
1
What is the value of (-74 - -78) + 0 + -2 + 1?
3
What is -6 + (-6 - -5) - -4?
-3
Evaluate -5 + (8 - (0 + 0)).
3
Evaluate (1 - -4) + 3 + -5.
3
Calculate -3 + 1 + 17 + -13.
2
Calculate -1 - 0 - (11 + -11).
-1
(11 - (6 - -1)) + -3
1
-15 - (-12 + 0) - (-5 - 0)
2
What is (-238 - -222) + (8 - 0)?
-8
Evaluate 1 + 1 - (13 - 10).
-1
Calculate (-18 - (2 - 7)) + 4 + 4.
-5
Evaluate 6 + -1 + -4 - (-1 - -1).
1
Calculate 5 + (-2 - -1) - (44 + -44).
4
0 - (4 + (-9 - -5))
0
-167 + 173 + (0 - (-2 - -1))
7
(4 + -4 - -1 - 0) + 0
1
What is the value of 9 - 2 - (13 + -9)?
3
What is -3 - (-3 + (2 - -2) + -1)?
-3
Evaluate -3 + 2 - (-1 + 1) - -4.
3
What is the value of -8 + (12 - -2) - 12?
-6
Calculate (1 - -12 - -4) + -10.
7
Calculate 0 + (-9 - -11) + 2.
4
What is the value of 2 - (-1 - (3 + -4))?
2
What is the value of -4 + (12 - (4 - 0))?
4
3 - (2 - (3 + -1 - 6))
-3
What is (90 - 103) + (-1 - -12)?
-2
-9 + -4 + 9 + 5
1
What is the value of 4 - (1 - -1) - (2 - -2)?
-2
Evaluate -3 + 3 + -1 + -21 + 16.
-6
-3 + -3 - (0 - 1)
-5
9 - (-4 - (-18 - -8))
3
Calculate 2 + 0 + (-43 - -45).
4
Evaluate -5 + (-2 - (-4 - -2)) - -2.
-3
What is the value of 2 + 6 + -5 - 8?
-5
Evaluate -1 - (3 - 6) - 4.
-2
2 + 0 + -2 + (-1 - -2)
1
What is the value of 4 + (-6 - -2) - -3 - 8?
-5
What is -3 + 9 + 2 - 0?
8
What is 5 + -5 - -1 - 0?
1
(2 - (2 - 2)) + -5
-3
(-5 - -8) + (-1 - -1) + 0
3
What is the value of (4 - (-5 - -12)) + 13 - 1?
9
What is the value of 3 - (8 + -7) - 1?
1
What is the value of (6 - 0) + (0 + 1 - 1)?
6
What is (6 - 5) + -1 + -4?
-4
What is (-10 - (-21 - -10)) + -10?
-9
What is the value of 7 + -3 - -1 - (6 - 2)?
1
What is -2 + -2 + 10 + -1?
5
Calculate -8 + 5 + -1 + 0.
-4
1 + (4 - (8 - 2)) + -7
-8
Calculate 8 - ((-4 - -11) + -7).
8
6 + 0 - (7 + (2 - 6))
3
Evaluate -1 + 3 + 0 - (-11 - -6).
7
What is 3 - (2 + -4 + 0 + 3)?
2
What is 7 - (-4 + (0 - -7))?
4
Calculate -5 - ((2 + -1 - 1) + 1).
-6
Calculate -10 + 12 + 1 - 6.
-3
1 + (6 - -4) + -1 + -2
8
-6 + 1 - (7 - 0 - 16)
4
What is the value of -1 - (-8 - -12 - -1)?
-6
Calculate (2 + 2 - 1) + -6 - -2.
-1
Evaluate -9 + 1 - (-3 - 2).
-3
What is -4 + 7 + 4 + (-4 - 3)?
0
4 - (7 + -4 - 2)
3
3 + (4 - 4) + 4 + -3
4
Calculate -2 + (3 - -6 - 5) + -6.
-4
What is the value of -13 - -12 - (-8 + (1 - -2))?
4
Evaluate (-24 - -18) + (2 - 1).
-5
1 - (1 + (-2 - -1))
1
(7 - (2 + 10) - -10) + -4
1
Calculate (2 - (0 - (3 + -3))) + -1.
1
Evaluate -9 + 1 + (-6 - -9).
-5
What is the value of 1 - -3 - ((-2 - -1) + 7)?
-2
Evaluate (-4 - -3) + 2 + (-7 - -1).
-5
What is 5 + -2 + -6 + 4?
1
Calculate -4 + (16 - (-11 - -14)).
9
What is the value of -5 - (-5 + 9 + -5)?
-4
-3 - (-6 + (-4 - -6) - -4)
-3
What is -2 - (7 + (2 - 4))?
-7
(-14 - 0) + (-63 - -70)
-7
What is the value of -2 + -2 - 0 - (-5 - -3)?
-2
(-1 + -1 + 3 - -3) + -3
1
What is the value of 7 + -2 + -14 + 7?
-2
Evaluate 13 - (11 + -12 + 5).
9
What is the value of 7 - (9 - 3) - -4?
5
What is 2 - (8 - ((-2 - -3) + 2))?
-3
Calculate 8 - -2 - 1 - (-3 - -9).
3
Evaluate 8 + (-2 - 3 - -2).
5
What is the value of 4 + (-4 - -5 - 2)?
3
Evaluate 3 + (-6 + 1 - -7).
5
What is -14 + 8 + 13 + -6?
1
Calculate -8 + 2 + (4 - -4) + -5.
-3
Evaluate 4 - (6 + (-3 - -2)).
-1
What is -1 + 0 - (2 - 4)?
1
What is -7 + (5 - -9 - 10)?
-3
What is the value of 1 - 1 - (-5 + 2)?
3
What is the value of (2 - 2 - 0) + (-1 - 4)?
-5
What is the value of -5 - (-2 + -2 - 1)?
0
What is -5 + -5 + 9 + -1?
-2
Evaluate (-19 - (-2 - 5)) + 9.
-3
Calculate -6 + 0 + 12 - (-5 + 15).
-4
Evaluate (3 - (-1 - 0)) + 0.
4
Calculate 1 + -5 + 8 + -2.
2
What is -5 + (3 - 1) + -18 + 20?
-1
-4 + 2 - (-4 + 0)
2
Calculate (-5 - -5) + 3 + (3 - 7).
-1
What is (4 - 3) + 3 - (6 - 2)?
0
Calculate -2 + (2 + 2 - 1) + -11.
-10
What is 2 + (-9 - -5 - -5 - 5)?
-2
Calculate 0 - 4 - (-14 - -13).
-3
What is the value of 4 - -3 - 3 - 7?
-3
Evaluate (-3 - 2) + (-34 - -36).
-3
(3 - 2) + -5 + 2
-2
Calculate (0 - -6 - 6) + (3 - -1).
4
Calculate 2 - ((8 - 10) + 7 - 2).
-1
-6 + -1 - (-2 - (-2 - -3))
-4
Evaluate (2 - 8) + (6 - 5 - 2).
-7
What is 46 + -39 + 0 + -1 + -4?
2
(23 - (-10 + 3 + 14)) + -6
10
4 - (-2 - -2 - 0)
4
Calculate 1 + 4 + -9 - 0.
-4
What is 4 - (0 + 1) - 0?
3
Evaluate (6 - 1) + (-27 - -17) + -1.
-6
What is the value of 3 + -14 + 3 - -1 - -3?
-4
What is the value of 7 - ((-10 - -5) + 5 - -5)?
2
What is (4 - (4 + 4)) + 6?
2
Calculate 55 + -53 + (-1 - -1) + 1.
3
What is the value of (-22 + 19 - (-2 - 1)) + -7?
-7
-6 + (10 - (-1 - -5))
0
What is (2 - 1) + -4 + 5 + -5?
-3
2 - -3 - (10 - 6 - 4)
5
What is (-2 + -6 - -4) + 4?
0
What is the value of -1 + (-12 - -14) - (0 + 4)?
-3
0 + -2 + 5 + -1
2
Calculate -25 + 13 - -12 - -2.
2
What is the value of -7 + 3 + (14 - 8) + -3?
-1
Evaluate 1 + -3 + -17 + 21 + 3.
5
What is the value of (4 - (4 + 1)) + (24 - 19)?
4
What is the value of 2 + (-1 - 1) + 2 + 1?
3
What is 4 + (12 - 3 - 11)?
2
What is (3 - 0) + (11 + -19 - -4)?
-1
Evaluate -12 + (3 - -3 - 0).
-6
What is 1 - (0 - (0 + -4 - -1))?
-2
7 + 3 + -3 - 12
-5
What is the value of (1 - (8 - 6)) + (-7 - -2)?
-6
What is (-3 - 10) + 7 + 4?
-2
What is the value of -2 + -3 + 9 - (-3 + 17)?
-10
Calculate -1 + -3 - (2 + (-3 - 3)).
0
3 - -1 - (2 + (-2 - -2))
2
Calculate (-1 